m(5)?
8
Suppose 0 = -27*a + 47 + 7. Suppose -a*f = 9*f - 9416. What is the hundreds digit of f?
8
Suppose -3*c + 6 = -5*j, 5 = 5*c - 5. Suppose -2*u = -j*u, 30 = 5*o + 3*u. Suppose -o*q + 595 = -q. What is the tens digit of q?
1
Let l(f) = -24*f**2 - 8*f + 51*f**2 - 26*f**2 + 28. What is the units digit of l(21)?
1
Let m be (-8)/(-12) + 7/3. Suppose -2*q + 29 = 3*j, -m*j + 2*j + 5*q - 13 = 0. Let g = 21 - j. What is the tens digit of g?
1
Let o(m) = 2*m**2 - 3*m - 18. Suppose 2*y = -10 + 90. Let r = y + -32. What is the tens digit of o(r)?
8
Let c(w) = 4*w**2 + 10*w + 14. Let h(o) = o**3 + 6*o**2 - 5*o + 7. Let u be -8*1 - (0 - 1). Let z be h(u). What is the tens digit of c(z)?
4
Let r(p) = 2*p - 4. Let u be r(4). Suppose 5*q = u*q - 76. What is the units digit of q/(-20)*43 - (-2)/(-5)?
3
Let i = 43 - 32. Let r(y) be the third derivative of -y**6/120 + 11*y**5/60 + y**4/24 + 2*y**3/3 + 4*y**2. What is the units digit of r(i)?
5
Suppose -21*r = 11*r - 11200. Suppose r*j - 352*j + 1152 = 0. What is the tens digit of j?
7
Let l = 298 - 268. What is the units digit of (-222 - l/6)*-1?
7
Suppose 0 = 6*x - 2*x - 4*l + 408, -405 = 4*x - 5*l. What is the tens digit of 70/x - (2 - 292/6)?
4
Let k(j) = -j**2 + 7*j. Let a be k(5). Let c(p) = -p**3 + 12*p**2 + 6*p + 14. Let f be c(a). Let g = f + -181. What is the tens digit of g?
9
Let w(g) = 11*g - 8*g - 2*g**2 - 11*g - 19*g - 35. Let d be w(-14). Let i = d - -96. What is the tens digit of i?
4
Let w(j) = -152*j**3 - 2*j + 1. Let s be w(1). Let n = -29 - s. Suppose 2*b - n - 96 = 0. What is the hundreds digit of b?
1
Let p be ((-27)/(-5))/((-4)/(-60)*3). Suppose 4*i = p + 161. Suppose -i = -4*v + 1. What is the tens digit of v?
1
Let j(q) = -252*q - 7550. What is the thousands digit of j(-104)?
8
Let s be (-344)/(-24) - (-1)/(-3). Suppose s*r - 1847 = 9059. What is the units digit of r?
9
Let b be ((-33)/(-6) + -3)*(-12)/(-15). Suppose l + 1 = 5, -856 = -2*a + b*l. What is the tens digit of a?
3
Suppose -3*y + 2*s + 1547 = 0, 5*s + 520 = 16*y - 15*y. What is the units digit of y?
5
Let d(r) = r**3 + 17*r**2 + 6*r + 9. Let y be d(-5). Suppose -3*q + y = -4*z - 2210, 2*z = -2*q + 1664. What is the hundreds digit of q?
8
Let d = 16034 + 7639. What is the tens digit of d?
7
What is the thousands digit of (-1 - 6) + (-1320)/(-176) - 22150/(-4)?
5
Suppose -2*n = -5*f + 360, 5*f - f - 290 = 2*n. Suppose -f*h + 75*h = 815. What is the hundreds digit of h?
1
Let j(k) = -8*k**3 + k**2 - 1. Let v be j(-1). Suppose 3*l - v + 35 = 4*g, -3*l - 4*g = 3. What is the units digit of (0 - 0) + (l - (-3 - 3))?
1
Let s(q) be the second derivative of q**3/3 + 25*q**2/2 - 19*q. Suppose -6 = 5*f + 3*g, -6 = -0*f - f + 3*g. What is the tens digit of s(f)?
2
Let z(a) = a + 45. Let w(s) = 3*s + 134. Let j(k) = 4*w(k) - 11*z(k). Let l be j(16). Let q = 140 - l. What is the units digit of q?
3
Suppose -126 = -9*u + 11582 + 52111. What is the tens digit of u?
9
Suppose -15*s = -16*s + 5*m + 17241, -5*s + 2*m + 86159 = 0. What is the thousands digit of s?
7
Suppose -9*d = 2217 - 75. Let s = d + 485. What is the units digit of s?
7
Suppose -39 + 15 = -6*t. What is the units digit of t - ((-1018)/4 + (-9)/6)?
0
Suppose 14*d - 132 = 2*d. Let i(g) be the second derivative of 2*g**3 - 16*g**2 + 9*g. What is the hundreds digit of i(d)?
1
Suppose 0 = 35*f - 220779 - 23171. Suppose 11*g - g = f. What is the tens digit of g?
9
Let c = -24 + 1. Let x = 159 + c. Suppose 0 = -5*i - x + 656. What is the tens digit of i?
0
Let r(s) = -544*s - 26. Let m be r(-3). What is the tens digit of 24*m/(-132)*(-6)/4?
3
Let v be 3/(-9) + 3290/6. Suppose -v = -4*h - 4*u, 2*h - 2*u - 2*u - 274 = 0. What is the units digit of h?
7
Let b(a) = 4*a**2 + 16*a + 5. Let d be b(-4). Suppose o = d*x - 4437, -3*x + 2661 = -3*o + 2*o. What is the hundreds digit of x?
8
Suppose -21 = -16*a - 5*a. What is the units digit of a + 6 + (-503)/(-1)?
0
Let q(f) = f**3 - 3*f**2 - 2*f - 3. Let v be q(4). Suppose v*o - 87 - 548 = 0. Suppose 5*d + t - 136 = -3, 5*d - t = o. What is the units digit of d?
6
Suppose -5*a + 11 = -n - 4, 3*a - 7 = n. Suppose 86 = -n*k + 71. What is the tens digit of (-758)/k + (132/18 - 7)?
5
Let n(k) = 10*k**2 + 39*k + 6. Let z(y) = -10*y**2 - 40*y - 6. Let v(r) = 4*n(r) + 3*z(r). What is the tens digit of v(-10)?
4
Let c(z) = -8*z**3 + z**2 - 2*z + 1. Let k be (3/(-6))/((-1)/(-4)). Let r be c(k). Suppose u = 3*i - r - 127, -76 = -i + 5*u. What is the units digit of i?
6
Let j(f) = -2*f**3 - 2*f**2 - 3*f - 2. Let r be j(-1). What is the units digit of (r - 2) + 8 + -2?
5
Let g(h) = 30*h**2 - 36*h + 164. What is the units digit of g(15)?
4
Suppose 4*h = c - 13729, 46*h = -5*c + 44*h + 68799. What is the thousands digit of c?
3
Let z = -8794 + 15225. What is the units digit of z?
1
Let x = 385 - -181. What is the units digit of x?
6
Let m = 101 - -120. Suppose -2*l + 3*u = -69 - 176, 4*l + 2*u - 466 = 0. Let s = m - l. What is the units digit of s?
3
Let k(w) = 3*w**2 + 0*w**2 + 1597 - 1637 + 14*w. What is the tens digit of k(7)?
0
Let w = -63 - -69. Suppose -3*m + j - 1401 = -w*m, 0 = 2*j + 6. What is the tens digit of m?
6
Let a = 91 - 22. Let u = a + -156. Let q = u + 114. What is the units digit of q?
7
Suppose j + 4 = 0, -82*l - 5*j + 9481 = -79*l. What is the tens digit of l?
6
Suppose 12*f + 1756 - 1648 = 0. Let g(a) be the first derivative of -11*a**2/2 + 2*a + 1. What is the tens digit of g(f)?
0
Let o = 19 + -13. Suppose 275 = 5*b + o*x - 3*x, -193 = -4*b + 3*x. Let d = b - 10. What is the tens digit of d?
4
Suppose -680 - 263 = -k. What is the tens digit of k?
4
Suppose -1508 - 1341 = -11*r. Let g = -207 + r. What is the tens digit of g?
5
Suppose 1405 = -2*v + 7*v. Let b = -67 + v. What is the units digit of b?
4
Let k(d) = d**2 + d + 24. Suppose 58 = 4*z - 5*t, -2*t + 2 = -2. Let h be k(z). Suppose -r + 0*u - 2*u + 117 = 0, u + h = 3*r. What is the hundreds digit of r?
1
What is the units digit of (-40 - (4 + -2))/((-10)/345)?
9
Let y(b) = 5*b**2 - 20*b - 79. What is the tens digit of y(-26)?
2
Suppose -726*p - 996880 = -760*p. What is the hundreds digit of p?
3
Let u(o) = -o**2 + 4*o + 35. Let f be u(-4). Suppose -f*y + 1170 = 3*y. What is the units digit of y?
5
Suppose 3 - 7 = -2*t. Let n(c) = 34*c**2 + 4 + 4*c - t - 3*c**2 - 4*c**2. What is the hundreds digit of n(-2)?
1
Suppose 9599 = 3*b + z, -8*b = -6*b - 4*z - 6390. Suppose b = 31*d - 24*d. What is the tens digit of d?
5
Suppose 3*u = n + 4065, 5*u - 5248 = -2*n + 1538. What is the thousands digit of u?
1
Suppose -10*f + 1248 = -4*f. Suppose n - f = -h, 6*n = -4*h + 11*n + 796. What is the hundreds digit of h?
2
Let i = 34095 - 22216. What is the thousands digit of i?
1
Suppose 3*h + 183 = -4*j + j, -3*j = 5*h + 175. Let k = -53 - j. What is the tens digit of (1 - 496/k)*-3?
2
What is the hundreds digit of ((-147248)/(-280) + (-2)/(-5))*(-350)/(-20)?
2
Suppose 2*h = n - 25, -4*h - 9 = -1. Let f(s) = -47*s + 4. Let q be f(-5). Suppose n = 5*v - q. What is the tens digit of v?
5
Suppose 0 = 6*n + 6*n - 3*n - 76131. What is the thousands digit of n?
8
Suppose 0 = -5*d - 29*s + 25*s + 1429, 3*s = 18. What is the hundreds digit of d?
2
Suppose 3 = -u + 4*b - 3*b, 4*u + 6 = -2*b. Let g(l) = 304*l**2 + l + 7. What is the hundreds digit of g(u)?
2
Let i = 48 + -46. Suppose -i*j - 3*j = 70. What is the units digit of (-556)/j + 4/14?
0
Let h(y) = y**3 - 100*y**2 + 412*y + 35. What is the tens digit of h(96)?
2
Suppose 3*n + 1338 = -q, -2*n = -3*q - 7*n - 4006. Let h = q - -3016. What is the tens digit of h?
8
Let b(x) = 2095*x**2 - 75*x + 301. What is the hundreds digit of b(5)?
3
Suppose -11*j - 6 = -10*j + 2*c, 24 = 2*j - 5*c. Suppose -786 = -5*n + j*n + 3*m, 4*m - 1064 = -4*n. What is the tens digit of n?
6
Suppose -65 = 4*w - 9*w + 5*u, 2*u + 36 = 3*w. Suppose -2*d - 184 = -w*d. Let p = 44 - d. What is the tens digit of p?
2
Let q be -1 - ((-3 - (-1 + -2)) + -2). Let v(t) = 7*t**3 - 4*t**2 + 6*t - 1. Let x be v(q). Suppose -x*c + 409 = -7. What is the tens digit of c?
5
Suppose 4*j + 5*f = 89, -5*j + f + 30 = -45. Suppose j*l + 123 = 17*l. What is the hundreds digit of l?
1
Let o(c) = 205*c**2 - 118*c + 866. What is the tens digit of o(13)?
7
Suppose 0 = -397*s + 412*s - 86820. What 